859
Calculate the greatest common divisor of 20014164 and 39748.
2092
What is the greatest common factor of 676808 and 181456?
88
What is the highest common factor of 7351544 and 8?
8
What is the greatest common divisor of 490 and 11750690?
490
What is the greatest common divisor of 14935 and 4654007?
29
Calculate the greatest common divisor of 3315 and 85780266.
663
Calculate the greatest common factor of 35820 and 273510.
90
Calculate the greatest common divisor of 840 and 3903900.
420
Calculate the greatest common divisor of 406709 and 23.
23
Calculate the greatest common factor of 65195 and 1308620.
295
What is the highest common divisor of 1517 and 596550?
41
Calculate the highest common factor of 105 and 2304412005.
105
Calculate the greatest common factor of 18883892 and 7218.
802
What is the highest common divisor of 96880 and 56523425?
6055
What is the greatest common factor of 28017 and 3228747?
849
Calculate the highest common divisor of 1373484 and 23920932.
6972
Calculate the greatest common divisor of 428510728 and 3732.
1244
What is the greatest common factor of 51 and 6465981?
3
Calculate the highest common divisor of 20369504 and 48.
16
Calculate the greatest common divisor of 5331880 and 425.
85
What is the highest common factor of 1077 and 208990055?
359
What is the highest common factor of 4065 and 7169847?
813
Calculate the highest common factor of 27 and 10022553.
9
Calculate the highest common divisor of 347815 and 7930.
65
What is the greatest common divisor of 4305001 and 1767?
589
Calculate the greatest common factor of 17507 and 186599.
427
Calculate the highest common factor of 904319 and 197899.
169
Calculate the highest common divisor of 654 and 327892710.
654
What is the highest common factor of 4813 and 2308887547?
4813
What is the greatest common factor of 2251189 and 49611?
719
What is the greatest common factor of 8366 and 7205974?
178
What is the highest common divisor of 44990164 and 394920?
4388
Calculate the highest common factor of 20 and 86921540.
20
What is the greatest common divisor of 48332 and 432740?
1124
Calculate the greatest common divisor of 213585 and 120.
15
What is the greatest common factor of 24 and 43750536?
24
Calculate the highest common divisor of 14117 and 1465939.
743
Calculate the greatest common divisor of 38633 and 221.
1
Calculate the highest common factor of 186957108 and 936.
468
Calculate the greatest common divisor of 14376 and 97838264.
4792
What is the highest common factor of 16644909 and 2910?
291
Calculate the greatest common factor of 2608697796 and 268.
268
Calculate the highest common factor of 4786551 and 528.
33
Calculate the greatest common factor of 2728 and 3782.
62
What is the highest common divisor of 406 and 1457596?
14
Calculate the highest common factor of 45091561 and 3117.
1039
What is the highest common factor of 6354 and 7172960?
706
Calculate the greatest common divisor of 2816 and 56295404.
44
Calculate the highest common divisor of 1388 and 17792078.
694
What is the highest common divisor of 2412 and 1638264168?
2412
Calculate the highest common divisor of 13955310 and 1938.
114
What is the greatest common factor of 459 and 122961?
51
Calculate the greatest common divisor of 6818138 and 1450511.
7363
Calculate the highest common factor of 1799 and 3377843.
7
Calculate the highest common divisor of 2747625 and 300.
75
What is the highest common factor of 380 and 1067325095?
95
What is the highest common divisor of 14356277 and 6682?
3341
Calculate the highest common factor of 29668842 and 3230.
646
Calculate the greatest common factor of 1489682 and 7654.
178
Calculate the greatest common factor of 29 and 6224299.
29
Calculate the highest common divisor of 6092223 and 15201.
1689
What is the highest common divisor of 13379058 and 18?
18
What is the greatest common factor of 23716 and 7018?
242
What is the greatest common divisor of 4003220 and 692?
692
Calculate the highest common factor of 589 and 61058189.
31
What is the greatest common divisor of 71774668 and 7?
7
Calculate the greatest common divisor of 7803 and 704376.
27
Calculate the highest common factor of 228591624 and 3288.
3288
What is the greatest common divisor of 22 and 6930792?
22
Calculate the highest common divisor of 362375832 and 91.
91
Calculate the greatest common factor of 11608177 and 224.
7
What is the greatest common divisor of 8800 and 4593760?
160
What is the greatest common factor of 1056 and 5391636?
12
What is the highest common factor of 15007496 and 592?
296
What is the greatest common factor of 245 and 5715570?
35
Calculate the highest common factor of 122421877 and 1.
1
Calculate the highest common divisor of 164 and 3606893.
41
Calculate the highest common factor of 7268184 and 6624.
1656
Calculate the highest common divisor of 726 and 56608035.
363
Calculate the highest common factor of 15666 and 35350329.
7833
What is the greatest common divisor of 470423569 and 473?
473
Calculate the highest common divisor of 4951147 and 7218.
401
Calculate the highest common factor of 35500080 and 480.
240
Calculate the highest common divisor of 24 and 1127020344.
24
Calculate the greatest common divisor of 914 and 25362586.
914
What is the greatest common factor of 6340907 and 3481?
59
What is the highest common factor of 2106 and 775632?
78
Calculate the highest common factor of 1292929 and 869.
11
Calculate the highest common factor of 123 and 220723172.
41
What is the greatest common divisor of 754 and 8261868?
58
What is the greatest common divisor of 1350 and 5286025?
25
What is the highest common divisor of 1316 and 18697399?
329
What is the highest common divisor of 640 and 99539360?
160
Calculate the highest common divisor of 9379 and 1526121.
83
Calculate the greatest common factor of 2846 and 18935861.
1423
Calculate the greatest common factor of 12454 and 31642.
26
Calculate the highest common factor of 5104 and 697972.
1276
What is the greatest common divisor of 60547 and 34189?
191
What is the highest common divisor of 120 and 6406620?
60
Calculate the greatest common divisor of 3531 and 125714193.
3531
What is the greatest common factor of 127536848 and 8344?
1192
What is the greatest common divisor of 204 and 275286831?
51
What is the greatest common divisor of 221 and 162242645?
17
Calculate the greatest common factor of 337216 and 31328.
352
Calculate the highest common factor of 1030468 and 28.
4
What is the greatest common factor of 110793453 and 28062?
4677
Calculate the greatest common divisor of 44569575 and 1350.
675
Calculate the greatest common factor of 1333375350 and 7790.
7790
Calculate the greatest common factor of 44795366 and 308.
154
Calculate the highest common factor of 50185710 and 540.
270
What is the highest common divisor of 2001 and 2669943?
87
Calculate the highest common factor of 188264 and 46864.
808
What is the greatest common divisor of 54780 and 16171720?
1660
Calculate the greatest common divisor of 24693600 and 450.
150
Calculate the greatest common factor of 44 and 23707354.
22
What is the greatest common divisor of 8262 and 8958762?
2754
What is the highest common factor of 7545 and 6046563?
1509
Calculate the highest common divisor of 41150781 and 71939.
1673
What is the greatest common divisor of 1686 and 32400986?
562
What is the greatest common divisor of 70 and 750487892?
14
What is the greatest common divisor of 178 and 7046580?
2
What is the greatest common divisor of 42 and 953582?
14
What is the highest common factor of 300672 and 4937598?
4698
Calculate the greatest common factor of 5704 and 32475724.
2852
Calculate the highest common factor of 2919 and 360318441.
2919
What is the greatest common divisor of 7380 and 1682845?
205
Calculate the greatest common factor of 17765 and 20520.
95
Calculate the highest common divisor of 49938 and 3048654.
1218
Calculate the greatest common divisor of 429755072 and 19608.
6536
What is the greatest common divisor of 440 and 1950220?
20
Calculate the highest common factor of 45200 and 30032.
16
What is the greatest common factor of 4514550 and 1680?
30
Calculate the greatest common divisor of 741939 and 9.
3
Calculate the highest common factor of 1921534 and 7961.
419
Calculat